5)).
-2
What is the value of -6 + 0 + 6 + 7?
7
What is the value of 12 + (1 - -5) + -22?
-4
What is the value of -1 - (1 + (-2 - 0) - -4)?
-4
Calculate (5 - 10) + -11 + 15.
-1
What is (5 - (4 + 4)) + 7?
4
What is -7 - (-12 - (-9 - -6))?
2
What is the value of -1 + -6 + 3 + (11 - 4)?
3
What is the value of -1 + -3 + 3 + -4 + 4?
-1
What is the value of 2 + -3 + -9 + (8 - 1)?
-3
What is (1 - -4) + -6 + 3 - 3?
-1
Evaluate 6 - (3 - 10 - -3).
10
What is the value of 1 - (1 + (3 - -2))?
-5
Evaluate (0 - -2) + 1 + -5 + 3.
1
Evaluate 4 - (2 + -1 + -2).
5
Calculate -3 + -1 + -10 + (6 - -7).
-1
Calculate (-6 - (7 - 11)) + -1.
-3
Calculate -1 - (2 - (-8 - (-2 + -3))).
-6
What is (-14 - -14) + 1 + 3?
4
Evaluate 5 - 0 - (23 - 15).
-3
What is the value of 6 + (4 + (-5 - -2) - 10)?
-3
(2 - -1) + 50 + -57
-4
What is (14 - 8) + (2 - 3)?
5
What is -16 + 16 - (-2 + 4 + -7)?
5
-10 + (3 - (0 - (-2 + 6)))
-3
Evaluate -7 + 2 + 4 - 1.
-2
3 + -2 + 4 + 0
5
What is 0 + 9 + -2 + -5?
2
What is the value of -5 + (-4 - -2 - -3) + 0?
-4
What is (-1 + 2 - (-2 - -7)) + 3?
-1
Evaluate 13 + -5 + (-16 - -6).
-2
What is the value of (16 - 12) + -2 + 2 + -1?
3
-4 - 0 - (14 + -16 - 9)
7
What is (-7 - 0) + -3 + 14?
4
Evaluate -4 + 4 + 4 + (-2 - 0).
2
Evaluate 3 + -3 + 5 + -3.
2
What is the value of -1 + (5 - (3 + (-7 - -9)))?
-1
What is the value of 10 + -19 - (-9 - -2)?
-2
Evaluate (-6 - -1) + (-6 - -8).
-3
Calculate 1 + 5 + -10 + (5 - 0).
1
Calculate 10 + (-11 - (-3 - 5)).
7
Evaluate -6 + -9 + 7 + 7.
-1
What is -7 + -6 + (-9 - -16)?
-6
What is the value of 0 + (-6 - (-1 - (-2 + 2)))?
-5
(4 - 5) + -4 - 0
-5
What is 1 + -4 + (3 - (-4 - -5))?
-1
What is the value of 9 + -13 + 5 + 3?
4
What is the value of 2 - 4 - 0 - -1?
-1
(0 - 3) + (-12 - (-8 - 3))
-4
1 + -7 + (40 - 40)
-6
Calculate 11 - 10 - -4 - 1.
4
-3 + (8 - 4 - 4)
-3
What is -3 + (-2 - (-7 + -1))?
3
What is the value of -2 + (9 + -2 + -2 - 4)?
-1
Calculate 1 - 0 - 7 - (2 - 3).
-5
Evaluate -1 + (-3 - -3) - (5 - 1).
-5
What is (-262 - -256) + (0 + -1 - -8)?
1
-1 - 5 - (-1 - 0)
-5
What is the value of (0 - 10) + (4 + 5 - 4)?
-5
What is the value of (5 - 0) + (-4 + 3 - 2)?
2
What is the value of (-1 - -2 - -5) + -3?
3
What is the value of -2 - (-6 - -2) - (4 - -1)?
-3
What is the value of 7 - (7 + 11 + -19)?
8
What is -4 + 4 + (0 - -1)?
1
Calculate 1 + 17 + (-13 - -3).
8
Calculate 61 + -73 + (-1 - -22).
9
Evaluate 21 + -1 - (-50 - -63).
7
What is 11 - 2 - (-3 - -1 - -8)?
3
Calculate 1 - (-1 + 1) - (34 + -30).
-3
What is the value of (-3 - 6) + 2 + 3?
-4
What is 5 + 1 + (6 - 5 - 2)?
5
What is the value of (-2 - -1 - (-6 + 4)) + 3?
4
What is the value of -8 + 3 + (6 - 3 - 0)?
-2
-1 + 2 - (-111 + 119)
-7
What is the value of -2 + 9 - (29 - 17)?
-5
Evaluate -13 - -10 - (4 + (-2 - 11)).
6
What is 4 - 5 - (4 - (-1 - -1))?
-5
(1 - 0) + (6 - (5 - 2))
4
What is the value of (2 - 1 - -10) + -3 - 3?
5
Evaluate 18 + -17 - (7 - (1 - -1)).
-4
2 + -6 + 5 + 2
3
Evaluate (4 - 7) + 0 + 2 - -1.
0
(-1 - 2) + -20 + 20
-3
Evaluate 5 + (0 - 1) - (137 + -133).
0
What is -8 + (9 - (-2 - -6))?
-3
(0 - 2) + -3 + 1 + 0
-4
What is -3 + 3 + 1 - (-17 - -9)?
9
What is the value of (0 - -3) + 3 - 7?
-1
Calculate -10 + 4 + 11 + 5.
10
Evaluate 2 + (1 + 1 - (4 + 1)).
-1
Evaluate -16 - -8 - (-5 + 2).
-5
0 - (-2 + (-11 - -5))
8
(-3 - -10) + 29 + -27
9
What is (-5 - (-12 - -5)) + -1?
1
4 + 1 - (-10 + -22 + 28)
9
3 - (-1 + 10 - (-1 + 3))
-4
0 + -1 + -17 + 17
-1
Calculate -10 + 16 + -8 - 3.
-5
What is the value of (3 - 0 - 4) + 4?
3
Evaluate -30 + 37 - (6 - 2).
3
Evaluate (-1 - -9) + -1 - 6.
1
What is 1 + -2 - (-1 + -2 - -3)?
-1
What is (6 - 4) + (1 - (2 + 2))?
-1
What is -4 + (-3 - (-3 + 2 - 1))?
-5
0 + -1 - (-3 - (2 - 8))
-4
What is the value of -1 - ((7 - 3 - 8) + 2)?
1
Evaluate (-21 - -19) + (5 - -1).
4
What is 9 + -1 - (-62 - -64)?
6
7 - (10 + -4 + -4)
5
Evaluate (7 - 7) + (-8 - -12) + -9.
-5
Evaluate 9 + (-9 - -8) - 12.
-4
-1 - (-3 + 4 + -4 + -4)
6
What is -5 - -9 - (-9 + 7)?
6
Calculate (2 - -6 - 9) + -3 + 0.
-4
What is the value of -2 - (-3 + -6 + 2)?
5
Evaluate 8 - (14 - (5 - -2)).
1
What is the value of -3 - (-1 - 2) - 0?
0
Calculate 7 + ((-6 - -1) + -1 - -1).
2
What is 3 - ((0 - 2) + 1 + 6)?
-2
Calculate 0 - 1 - (-59 - -55).
3
5 + 0 - (12 + -10)
3
Calculate 3 - (-7 - (10 - 22)).
-2
What is -4 + 7 + (-1 - 0)?
2
Evaluate (3 + -7 - -4) + -6 + 8.
2
What is the value of (-5 - (-6 + 3 - 0)) + 7?
5
-4 - -5 - (3 + -3)
1
-9 + 2 + 9 + -4
-2
Calculate -1 + -8 + 3 + -1.
-7
Calculate 8 + (4 - (3 + 2)).
7
What is the value of -2 - (12 + -4 + -14)?
4
5 + -4 + 0 + 2
3
Evaluate -3 + (-2 - 2) + 8.
1
Calculate (0 - (0 - 0) - -1) + -6.
-5
2 + -1 + 5 + -1 + -6
-1
Calculate -10 - (-6 - (-7 - -5)) - -9.
3
Calculate (5 - 13) + 2 - -11.
5
9 + -3 + -21 + 9
-6
What is the value of -4 - ((-4 - -10) + -13)?
3
3 + (3 - (-4 - -3 - -8))
-1
What is the value of 3 + (8 - (-2 - (-4 + -3)))?
6
-3 + 1 + 5 + -5
-2
-1 - ((-4 - -1) + (-2 - -6))
-2
What is the value of 1 + -5 + 9 - 0?
5
Evaluate (-3 - -3) + 5 + -7 - -10.
8
What is the value of 3 - (-5 - -9) - (0 + 1)?
-2
3 + -1 - 1 - (53 + -50)
-2
Evaluate -5 + 10 + (-6 - (-6 + 2)).
3
Evaluate -27 + 24 + (7 - 0) + 0.
4
What is the value of (5 - 16 - -5) + 8 + 5?
7
What is the value of 5 + -1 - (2 - -1 - -2)?
-1
Evaluate -18 + 15 + 5 + (-4 - -2).
0
What is the value of 4 + (-13 - 2) + 7 + -3?
-7
Evaluate -7 + (-2 - (-3 - -8) - -15).
1
Evaluate 2 + -1 - (-7 + (6 - 1)).
3
Calculate -3 - ((-1 - 0) + -5).
3
What is 14 + -14 + (0 - (1 + 1))?
-2
Calculate -1 - 10 - (-212 - -210).
-9
What is the value of (3 - -4) + -34 + 35?
8
Evaluate -5 + 1 + 4 + 1 + -4.
-3
What is (-4 - 0) + 1 + 2?
-1
What is the value of 0 + -1 + 2 + -1 + -1?
-1
2 + -6 + (3 - -3)
2
Calculate 8 - 16 - -6 - -4.
2
Evaluate 6 + (4 - 3) - 6.
1
0 + 1 + 1 - (21 + -14)
-5
What is (0 - 4) + (-89 - -96) - 7?
-4
Evaluate 15 + -11 + (5 - 9).
0
-1 + (-1 - 0 - 0 - 1)
-3
Calculate -1 - -5 - (-1 - 2 - -3).
4
Calculate -1 - -6 - (33 - 29).
1
What is 1 + -5 + -2 - -2?
-4
What is 1 + (4 - (11 + -5 + 6))?
-7
Evaluate 2 - (5 - 3 - 1) - 5.
-4
Evaluate 11 - 5 - (6 - -2).
-2
-3 + 9 - (-4 - -4)
6
What is the value of (-11 - (-11 + 5)) + 4?
-1
-3 - (2 - (4 - 3))
-4
What is 0 + (-4 - -15) + (-1 - 4)?
6
What is the value of (10 + 0 - 7) + -1?
2
What is (-12 - -3) + 2 + 4?
-3
What is 3 + 2 + -4 - (-5 + 1)?
5
(0 - (1 + 1)) + 9 + -7
0
What is -1 + -1 - (42 + -38)?
-6
What is the value of -5 + (3 - -4 - 7)?
-5
What is the value of -5 + 0 + (2 - -2)?
-1
Evaluate -7 + (8 + -1 - 1).
-1
What is -5 - (5 + (-4 - 6))?
0
Evaluate 2 - -5 - (10 - 2).
-1
3 + (11 - 3) + -2
9
(-3 - 1) + 1 + (-16 - -15)
-4
What is (0 - -3) + -4 + -3 + 5?
1
Evaluate 9 - (21 + -11 + -1).
0
14 - (9 - -1) - -1
5
What is -1 + (3 - -1) - (-3 + 5)?
1
(0 - 2) + 1 + (-1 - -5)
3
10 + (1 + -9 - (-25 - -19))
8
What is the value of (15 - (-6 + 15)) + -8?
-2
(4 - 9) + (-7 - (6 + -13))
-5
6 - (-10 + 8 + 0)
8
0 + 0 + -2 + 4
2
What is 9 + (-7 - -6) - 15?
-7
Calculate -3 - (4 + 15 + -11).
-11
Calculate 8 + 0 + (-16 - -12).
4
Evaluate (4 + -2 - 4) + (-76 - -75).
-3
What is the value of -9 + -4 + 4 - (-12 - -7)?
-4
What is the value of 3 - -2 - (-3 - 12 - -21)?
-1
Evaluate 4 + (2 - 4) + -6 - 0.
-4
What is 9 + -1 + -6 + 5 - -2?
9
Calculate -1 - -3 - 7 - -2.
-3
Calculate -3 + (4 - (-7 + -1 + 3)).
6
What is (1 - 1) + (2 - 6 - -2)?
-2
Evaluate 21 + -9 + -10 + -6.
-4
Evaluate (14 - (-10 + 2 + 7)) + -4.
11
Evaluate -1 + -4 - (3 + -1 - -1).
-8
What is the value of 4 - ((-5 - 1) + -3 + 12)?
1
What is the value of -3 - (15 + -5 + -20)?
7
What is the value of (4 - 1) + -5 - 3?
-5
Evaluate -13 + (-14 - -24) + 10.
7
Evaluate 46 + -42 - (-1 - 0).
5
What is the value of -3 + (1 - -1 - (-20 - -22))?
-3
Calculate 8 - (-10 + 14 + 5).
-1
Evaluate 1 + 0 + (3 + -8 - -4).
0
What is the value of 1 + (-2 - -3 - 2) + -1?
-1
What is 7 + (-5 - -2) + -10?
-6
Evaluate (6 - 1) + (-8 - 0).
-3
What is -1 - -5 - (1 + (2 - -5))?
-4
What is the value of ((3 - 1) + 0 - 5) + 3?
0
Evaluate -1 + (4 - 3) + -3.
-3
Evaluate -1 - (-7 + 4 - -5).
-3
What is -17 + 12 + -9 + 11?
-3
What is -3 + 0 - -6 - 2 - 1?
0
What is -5 + 7 + (0 - -6) + -3?
5
What is 8 + (-3 - (6 + -13) - 3)?
9
Calculate -6 + 2 - (6 + -5).
-5
Calculate -14 + (-12 - -15) + 7.
-4
What is -7 + 9 + 8 + (0 - 5)?
5
What is 4 + (-1 + 2 - 0 - 3)?
2
